 = -2*t**3 + 16*t**2 - 13*t - 5. What is p(b)?
61
Let b(c) = -160*c - 8481. Let l be b(-53). Let s(t) = -195*t + 7. Give s(l).
202
Let y(u) be the first derivative of -87 + 1/2*u**2 - u**3 - 1/2*u**4 + 2*u. Suppose 5*m + 3 = 4*j - 7, -5*m + 3*j = 10. Determine y(m).
4
Let g(a) = 9*a - 6. Suppose -8*s = 4*w - 10*s + 36, 32 = 4*s. Give g(w).
-51
Let t(q) = q**3 + 8*q**2 - 10*q + 3. Let c(o) = 2*o + 19. Suppose -52 = 7*w + 4. Let m be c(w). Suppose -m*i = -3*l + 24, -2*i - 24 + 4 = 2*l. Calculate t(i).
12
Let f(p) be the second derivative of -p**5/10 + 13*p**4/6 - p**3/3 + p**2/2 + 9*p - 533. Give f(13).
-25
Let k(j) = 2*j - 1. Let w(y) be the second derivative of -1/3*y**3 + 0 - 16*y + 1/12*y**4 - 1/2*y**2. Let x be w(-2). What is k(x)?
13
Let t(j) be the first derivative of -j**4/4 + j**2 - 2*j + 39090. Suppose 0 = 2*g + g - 6. What is t(g)?
-6
Let a be 12 - ((-4 - 4) + 10). Let w be a + -1*(-3 + 2). Let h(s) = s**3 - 10*s**2 - 12*s - 9. Determine h(w).
-20
Suppose 91*w - 88*w = -c + 24, 5*c - 8 = w. Let d(p) = p**2 - 10*p - 7. Give d(w).
-28
Let r(y) = -9*y**2 + 0*y**2 + 20 - 7*y**2 - 7*y + 15*y**2. Suppose 35 = -5*f + 2*o, 4*f = -0*o + 3*o - 21. Determine r(f).
2
Let p(f) be the second derivative of f**3/6 + 3*f**2/2 + 2*f. Let g = 58 - 60. Let t be g/(-14) - (-1)/(-7). Give p(t).
3
Suppose 13*q = -95*q + 28*q - 33*q. Let k(p) = -6*p**2 + 5*p**2 + 0*p + p + 1 + 0*p. Give k(q).
1
Let d(h) be the first derivative of -31*h**2/2 - 61*h + 3170. What is d(-2)?
1
Let h(g) = -13*g**2 - 76*g + 15. Let a be h(-6). Let y(v) = 5 - 5*v**3 + 37*v**2 - 34*v**2 + 6*v**a - 1. Determine y(-4).
-12
Let u(g) = 2*g**3 + 3*g**2 + g + 2. Let y(h) = -5*h**3 - 6*h**2 + 13*h + 4. Let c(s) = -2*u(s) - y(s). Give c(4).
-4
Let o be (-2)/(-3)*(4 + 5). Suppose 2*c = z - 14, c - o*z + 9 = -5*z. Let j(q) = -3*q - 7. Let m(p) = -p. Let s(n) = j(n) + m(n). Determine s(c).
13
Let g(q) = -q**3 + 696 - 232 - 236 - 223 - q - 8*q**2. Determine g(-6).
-61
Let i(a) = 2*a**3 - 71*a**2 + 41*a - 207. Let g be i(35). Let l(p) be the second derivative of 0 - 1/12*p**4 - 7*p - 1/2*p**g - p**2. What is l(-2)?
0
Let y(q) = 5*q**2 + 2*q - 1. Let c(a) = -4*a**2 + 3. Let j(d) = -c(d) - y(d). Determine j(2).
-10
Suppose 71*a - 31 = 102*a. Let l(w) = 10*w**3 + w**2 - 2. Give l(a).
-11
Let c(z) be the third derivative of -z**5/30 + 5*z**4/6 + 7*z**3/3 + 2397*z**2. Determine c(9).
32
Let s(g) = -2*g**3 - 18*g**2 - 7*g - 61. Let u be s(-9). Let p(i) = 4*i**2 - 4*i + 2. Determine p(u).
10
Let c be (12 - (-1045)/(-76))*4*1. Let f(o) = -2*o**2 - 19*o - 17. Calculate f(c).
18
Let b(a) = -a**2 + 3*a - 1. Let g = -3 + -7. Let c(z) = 4 - 4*z**3 + 83*z - 73*z + 11*z**2 + 5*z**3. Let h be c(g). Determine b(h).
-5
Let t(m) = -2*m**2 - 197*m - 285. Let a be t(-97). Let r(o) = -2*o**2 + 14*o + 1. Give r(a).
13
Let h(j) = -3*j**2 + 96*j - 168. Let r be h(30). Let c(i) = i**2 - 8*i - 50. Calculate c(r).
-2
Let c be 8/2 + (-1 + 2 - 5). Let h be 7 + -2 + (c - 3). Suppose 0*y = -5*o - h*y + 7, 3*y = 3*o - 21. Let u(f) = -2*f. Give u(o).
-6
Let t(s) = 2*s - 75. Let g(u) = 4*u**3 - 49*u**2 + 12*u + 42. Let y be g(12). Give t(y).
9
Suppose 25*p - 40 = 13*p - 8*p. Let a(w) = -24*w - 4. Calculate a(p).
-52
Let l(j) = j**2 + 2*j + 18. Let r(w) = -6. Let s(d) = -l(d) - 4*r(d). What is s(-5)?
-9
Let p = -18068 - -18090. Let r(z) = -11*z + 257. Give r(p).
15
Suppose 3*h + h - 60 = 0. Let s(i) = -59*i**2 - 10*i + 22. Let g(k) = 167*k**2 + 31*k - 65. Let r(t) = -6*g(t) - 17*s(t). Calculate r(h).
1
Let l(w) = -w**3 + w**2 - 12*w + 9. Let d be l(0). Let s(m) = m**3 - 10*m**2 + 14*m - 31. Calculate s(d).
14
Let u be -4 + 0 + 7 + 0. Suppose -u*b + 2*b = -3*r - 5, b - 5 = 0. Let k(f) = -3*f + 4*f - 4 + r*f - 5. Calculate k(0).
-9
Let c(b) be the second derivative of -b**5/20 + 3*b**4/4 - 4*b**3/3 + 17*b**2/2 - 49*b - 6. Determine c(8).
17
Let s(d) = 3*d**2 + 5*d - 7. Suppose 32*z - 5 - 91 = 0. Calculate s(z).
35
Suppose 0 = -2*q - 3*a - 54 - 63, 0 = -q - 5*a - 48. Let l = q - -55. Let g be (2 - 4/6)/(l/(-12)). Let n(r) = 3*r**2 - 3*r. Give n(g).
6
Let x(v) = 2*v - 3. Suppose -5*n + 3*p - 18 = 0, -2*n = -8*p + 4*p - 4. Let k be (9 + 12/(-6))*n/(-7). Determine x(k).
9
Let a(n) = -n**2 + 4*n - 1. Suppose 14*d + 112 = 10*d. Let b(t) = -2*t - 50. Let w be b(d). What is a(w)?
-13
Suppose 8 + 3 = 4*y - b, 20 = 4*b. Let o(c) = -y - 5 + 7767*c - 7764*c. Calculate o(6).
9
Let l(j) = 2*j - 45. Let a be l(26). Let z(q) = -37*q + 17*q - q**3 + 5 + a*q**2 + 15*q. Give z(4).
33
Let o(k) = 5*k + 5*k**2 + 11 + 8 + 4 + 10 - 25 + k**3. What is o(-3)?
11
Let w(l) be the third derivative of l**4/3 - l**3/2 + l**2. Suppose -352*x = -802*x + 900. Calculate w(x).
13
Let k = -38 + 43. Suppose k*z - 304 = -3*z. Let o(r) = -3 + 37*r - z*r + 3. What is o(-3)?
3
Let s(a) be the third derivative of -a**4/8 - a**3/6 + 504*a**2. Let l(o) = o**3 + o + 4. Let p be l(0). Determine s(p).
-13
Let v(f) = -f**2 - 18*f - 15. Let g(d) = 763*d - 2 + 3 - 380*d - 382*d + d**2. Let c(q) = 2*g(q) + v(q). Determine c(16).
-13
Suppose 148 + 119 = 3*q. Let f = 93 - q. Let r(c) = c**3 - 5*c**2 + 4*c - 2. Determine r(f).
-2
Let s(t) = 29*t + 32. Let z(c) = -87*c - 93. Let o(l) = 17*s(l) + 6*z(l). Let u(j) = -7*j - 3. Let m(i) = -2*o(i) + 9*u(i). Give m(1).
-4
Let l(z) = 157*z + 78. Let i(u) = -75*u - 35. Let h(y) = 9*i(y) + 4*l(y). Calculate h(0).
-3
Let q(y) = y**2 + 67*y + 469. Let b be -5 + (-4 - 1 - 3) + 11 + -57. What is q(b)?
-3
Let g(x) = 10*x**2 + 217*x - 25. Let a(w) = -7*w**2 - 155*w + 17. Let m(d) = -17*a(d) - 12*g(d). Calculate m(32).
-21
Let j(n) be the third derivative of -n**5/60 + 17*n**4/24 - 35*n**3/6 - 402*n**2 + 3. What is j(14)?
7
Let k(t) be the first derivative of t**4/4 + 5*t**3/3 - 7*t**2/2 - 7*t + 8164. Give k(-4).
37
Let v(u) = -u**3 - 8*u**2 + 9*u + 11. Let l(w) = -9*w - 94. Let h be l(-28). Let r = -167 + h. What is v(r)?
11
Let s(v) be the first derivative of -11*v**2/2 + 25*v - 1681. Calculate s(6).
-41
Let t(u) = -83*u**2 + 2. Let y = -50 + 49. Let o be t(y). Let k be 52/9 + (-18)/o. Let s(z) = -z**2 + 5*z - 4. What is s(k)?
-10
Let x(y) = 28*y**2 - 98*y - 21. Let l(h) = 18*h**2 - 98*h - 20. Let d(f) = 4*l(f) - 3*x(f). Give d(-8).
-1
Suppose 68 = 4*s - 2*p, 7*p - 52 = -3*s + 9*p. Suppose 7 = -v + 3*n + 9, s = -4*n. Let m(y) = -y + 3. Give m(v).
13
Let d(l) = -l**3 + 4*l**2 - l + 1. Suppose 0 + 3 = j. Let n be d(j). Let y(o) = -17*o + 27. Let k(t) = -13*t + 20. Let c(s) = -9*k(s) + 7*y(s). Give c(n).
-5
Let z(h) = h**3 - h**2 + 5 - 7*h - 2*h**3 + 10*h**2 + 4. Let k(b) = -16*b**2 + 149*b - 37. Let m be k(9). Calculate z(m).
17
Let z(j) = 2*j - 2. Let y(n) = -n**3 - 3*n**2 + 4*n + 5. Let b be y(-4). Let w be (b - -1) + 13 + -14. Determine z(w).
8
Let u(n) = -3*n + 33. Let w be (9 + -14)/((-160)/224). Determine u(w).
12
Suppose 12*i = 6 - 6. Let l(n) be the second derivative of -n**3/6 + 4*n**2 - 38*n. Determine l(i).
8
Let q(r) be the first derivative of 5*r**2/2 + 29*r - 3711. Give q(-12).
-31
Let f(n) be the first derivative of -2*n**2 - 5/3*n**3 + 1/4*n**4 + 5*n - 64. Determine f(4).
-27
Let a(g) = -32*g - 152. Suppose -12*l - 923 + 863 = 0. Determine a(l).
8
Let z be (-264)/(-42) + -6 + 8/21. Let f(l) be the first derivative of 16 + 2*l + z*l**3 - 3*l**2. Determine f(4).
10
Let s(k) = k**3 + 9*k**2 + 9*k + 7. Suppose -56 = 11*c + 78 - 46. What is s(c)?
-1
Let x(a) = a**2 - 8*a + 7. Let o = -8 + 32. Let z = o - 23. Let t be 2 + ((-15)/(-3) - z). Give x(t).
-5
Let x(t) = -2*t**3 + 139*t**2 - 206*t + 140. Suppose -8 = -612*s + 611*s, -5*s = 4*i - 312. Calculate x(i).
4
Let z(g) be the first derivative of -g**4/4 - 4*g**3 - 11*g**2/2 - 2*g + 33. Let k = 32 + 1. Let l = k + -44. Calculate z(l).
-2
Let p(g) = -9*g + 29 + 9 - 18. Let m(d) = -5*d + 11. Let b(o) = 5*m(o) - 3*p(o). Suppose -3*l - 12 = -6*l. What is b(l)?
3
Suppose -12 = 4*h - 4*t, h + 2 = -3*t - 13. Let a be (36/30)/(h/(-10)). Let s(x) = -2*x + 87*x**3 - 35*x**3 + 1 - 44*x**3 + x**a. Calculate s(1).
8
Let d(k) = 18*k**2 + k. Let h = -94 + 105. Suppose h = t + 12. Determine d(t).
17
Suppose 189 = -22*b + 78*b - 91. Let z(x) = -51*x + 255. Give z(b).
0
Let l(d) = -34*d - 1. Let k(z) = -33*z - 1. Let y(f) = -4*k(f) + 3*l(f). Let h be 92/(-138)*(-3)/2. Determine y(h).
31
Let d = -3966 - -397